a prime number?
False
Is 11563 a composite number?
True
Is 63069 a prime number?
False
Is 15185 a composite number?
True
Is 20593 a prime number?
True
Is 3077 a prime number?
False
Is 427711 prime?
True
Is 1090303 a composite number?
False
Is 52051 a composite number?
False
Is 921 composite?
True
Is 28387 a prime number?
True
Is 2389683 a composite number?
True
Is 8263 a composite number?
False
Is 7403 composite?
True
Is 22597 a composite number?
True
Is 77 a prime number?
False
Is 99353 a composite number?
True
Is 458849 composite?
False
Is 12707 prime?
False
Is 83047 prime?
True
Is 793607 a prime number?
True
Is 1159411 prime?
False
Is 52937 a composite number?
False
Is 434141 a prime number?
True
Is 4861 a composite number?
False
Is 2591 a prime number?
True
Is 576273 composite?
True
Is 33505 a composite number?
True
Is 231409 prime?
True
Is 7061 prime?
False
Is 8011 composite?
False
Is 18771 a prime number?
False
Is 1124007 a prime number?
False
Is 1854097 a composite number?
True
Is 527741 prime?
True
Is 847333 a composite number?
True
Is 9277 prime?
True
Is 1315 a prime number?
False
Is 45053 a prime number?
True
Is 352855 a prime number?
False
Is 99521 a composite number?
True
Is 592897 a prime number?
True
Is 67463 a prime number?
False
Is 712409 composite?
False
Is 2723 prime?
False
Is 31877 a prime number?
False
Is 4561 a prime number?
True
Is 81386 prime?
False
Is 1241059 composite?
False
Is 117319 composite?
False
Is 2767 prime?
True
Is 56359 prime?
True
Is 2255603 a composite number?
True
Is 9851 a composite number?
False
Is 172915 prime?
False
Is 214583 a composite number?
True
Is 60033 a composite number?
True
Is 2819 composite?
False
Is 1502 a composite number?
True
Is 845893 prime?
True
Is 211723 a prime number?
True
Is 100391 prime?
True
Is 2278249 prime?
True
Is 12611 prime?
True
Is 42337 composite?
False
Is 5923 a prime number?
True
Is 679 a composite number?
True
Is 20991 composite?
True
Is 7841 a composite number?
False
Is 29983 composite?
False
Is 14693 composite?
True
Is 11993 prime?
False
Is 46523 a prime number?
True
Is 52106 a composite number?
True
Is 684811 a prime number?
False
Is 96413 a prime number?
False
Is 16143 composite?
True
Is 91999 a prime number?
False
Is 2395 composite?
True
Is 705209 prime?
True
Is 6523 prime?
False
Is 787 a prime number?
True
Is 1991 a composite number?
True
Is 27539 prime?
True
Is 2836877 composite?
True
Is 210597 a composite number?
True
Is 1673 prime?
False
Is 63109 prime?
False
Is 37441 a prime number?
True
Is 3389 prime?
True
Is 50837 a prime number?
False
Is 12689 a composite number?
False
Is 20555 prime?
False
Is 1319785 a composite number?
True
Is 1315 a composite number?
True
Is 7523 composite?
False
Is 15481 a prime number?
False
Is 1081351 a prime number?
True
Is 31921 a composite number?
True
Is 109267 prime?
True
Is 228509 a prime number?
True
Is 18037 a prime number?
False
Is 202991 a composite number?
True
Is 218009 composite?
True
Is 22789 a prime number?
False
Is 17957 composite?
False
Is 87071 a prime number?
True
Is 10294 composite?
True
Is 425939 prime?
True
Is 46559 prime?
True
Is 1082707 composite?
False
Is 296437 a composite number?
False
Is 16519 a prime number?
True
Is 79801 a prime number?
True
Is 37463 a prime number?
True
Is 6449 a composite number?
False
Is 7993 a composite number?
False
Is 36217 a composite number?
False
Is 6947 prime?
True
Is 179071 composite?
True
Is 130957 a composite number?
False
Is 47179 a composite number?
True
Is 66491 prime?
True
Is 8923 a composite number?
False
Is 498907 a composite number?
False
Is 46169 a composite number?
True
Is 299 composite?
True
Is 260483 composite?
False
Is 622859 composite?
True
Is 199921 a prime number?
True
Is 439849 prime?
True
Is 12323 a composite number?
False
Is 39659 prime?
True
Is 1277 a composite number?
False
Is 3785 prime?
False
Is 15259 a composite number?
False
Is 389651 prime?
True
Is 722213 a composite number?
False
Is 15193 a prime number?
True
Is 421633 a composite number?
False
Is 67679 composite?
False
Is 105437 composite?
False
Is 24281 a prime number?
True
Is 26137 prime?
False
Is 43595 a prime number?
False
Is 1336091 a prime number?
True
Is 4872713 a prime number?
False
Is 19519 composite?
True
Is 2683049 prime?
True
Is 304687 a composite number?
False
Is 393895 composite?
True
Is 1341239 a prime number?
False
Is 186101 a composite number?
True
Is 13379 a composite number?
True
Is 10427 composite?
False
Is 8021 prime?
False
Is 6667 a prime number?
False
Is 127885 a composite number?
True
Is 84013 a prime number?
False
Is 701 a prime number?
True
Is 1399 prime?
True
Is 8023 a composite number?
True
Is 38293 prime?
False
Is 4963 a composite number?
True
Is 43151 a composite number?
False
Is 48445 a prime number?
False
Is 2742913 prime?
False
Is 501451 composite?
False
Is 44755 a prime number?
False
Is 420757 a composite number?
False
Is 306494 composite?
True
Is 536813 prime?
False
Is 467095 a prime number?
False
Is 36323 composite?
True
Is 16706 a prime number?
False
Is 350137 a composite number?
False
Is 12603 a prime number?
False
Is 165443 composite?
False
Is 139697 a prime number?
True
Is 142391 a composite number?
False
Is 8059 prime?
True
Is 47609 a prime number?
True
Is 82321 a composite number?
True
Is 544367 a prime number?
True
Is 20507 a composite number?
False
Is 2039 composite?
False
Is 57635 a prime number?
False
Is 263 composite?
False
Is 123661 composite?
False
Is 523801 prime?
True
Is 340463 composite?
True
Is 929 composite?
False
Is 8147 prime?
True
Is 141827 composite?
True
Is 5077 prime?
True
Is 22353 composite?
True
Is 25059 a prime number?
False
Is 28019 a composite number?
False
Is 11819 a composite number?
True
Is 587 a composite number?
False
Is 6239 a prime number?
False
Is 334127 prime?
True
Is 3792391 a composite number?
False
Is 107515 prime?
False
Is 123677 a composite number?
False
Is 63719 a composite number?
False
Is 4163 a prime number?
False
Is 33559 a composite number?
True
Is 51671 a prime number?
False
Is 5227 prime?
True
Is 31469 a composite number?
False
Is 12637 prime?
True
Is 8653 a composite number?
True
Is 1548335 a prime number?
False
Is 2945543 prime?
False
Is 1066919 prime?
False
Is 107005 a composite number?
True
Is 15959 a prime number?
True
Is 10589 a composite number?
False
Is 21257 composite?
True
Is 1616647 a prime number?
False
Is 3073 prime?
False
Is 49597 a prime number?
True
Is 76381 composite?
True
Is 2319 a composite number?
True
Is 4201 composite?
False
Is 173647 composite?
False
Is 277079 a composite number?
True
Is 4177 composite?
False
Is 5519 composite?
False
Is 3589 composite?
True
Is 30883 prime?
False
Is 549641 a composite number?
False
Is 799 prime?
False
Is 136519 prime?
True
Is 1086683 composite?
True
Is 307481 composite?
False
Is 3793 prime?
True
Is 5107 prime?
True
Is 149803 a composite number?
False
Is 1226461 a composite number?
False
Is 11599 a prime number?
False
Is 8777 composite?
True
Is 17137 a composite number?
False
Is 12407 composite?
True
Is 24749 composite?
False
Is 620251 a prime number?
True
Is 45851 a composite number?
True
Is 44039 a prime number?
False
Is 922397 prime?
False
Is 23137 a composite number?
True
Is 57458 prime?
False
Is 3902 composite?
True
Is 219211 a composite number?
True
Is 37333 prime?
False
Is 31087 prime?
False
Is 6469 composite?
False
Is 755959 prime?
True
Is 114251 prime?
False
Is 29099 prime?
False
Is 96637 prime?
False
Is 1161791 a prime number?
True
Is 8053 a prime number?
True
Is 217489 a composite number?
False
Is 10313 composite?
False
Is 2395241 composite?
False
Is 122831 a composite number?
True
Is 434459 a prime number?
True
Is 379883 composite?
True
Is 17401 prime?
True
Is 128561 a prime number?
False
Is 24611 a prime number?
True
Is 33091 a prime number?
True
Is 247547 a prime number?
True
Is 599779 a prime number?
True
Is 24317 a composite number?
False
Is 390527 prime?
True
Is 7283 prime?
True
Is 158561 prime?
False
Is 40423 a composite number?
False
Is 5585 a prime number?
False
Is 46847 prime?
False
Is 1439 composite?
False
Is 4881 a prime number?
False
Is 68842 a prime number?
False
Is 12319 composite?
True
Is 79733 a prime number?
False
Is 1339427 c